{"id":4125,"date":"2026-08-27T09:23:49","date_gmt":"2026-08-27T07:23:49","guid":{"rendered":"https:\/\/davidserra.es\/?page_id=4125"},"modified":"2026-08-27T09:52:14","modified_gmt":"2026-08-27T07:52:14","slug":"sculpture-dancetre","status":"publish","type":"page","link":"https:\/\/davidserra.es\/fr\/sculpture-dancetre\/","title":{"rendered":"Sculpture d\u2019anc\u00eatre"},"content":{"rendered":"<style>.wp-block-kadence-advancedheading.kt-adv-heading4123_09872b-29, .wp-block-kadence-advancedheading.kt-adv-heading4123_09872b-29[data-kb-block=\"kb-adv-heading4123_09872b-29\"]{padding-top:var(--global-kb-spacing-md, 2rem);text-align:center;font-style:normal;}.wp-block-kadence-advancedheading.kt-adv-heading4123_09872b-29 mark.kt-highlight, .wp-block-kadence-advancedheading.kt-adv-heading4123_09872b-29[data-kb-block=\"kb-adv-heading4123_09872b-29\"] mark.kt-highlight{font-style:normal;color:#f76a0c;-webkit-box-decoration-break:clone;box-decoration-break:clone;padding-top:0px;padding-right:0px;padding-bottom:0px;padding-left:0px;}.wp-block-kadence-advancedheading.kt-adv-heading4123_09872b-29 img.kb-inline-image, .wp-block-kadence-advancedheading.kt-adv-heading4123_09872b-29[data-kb-block=\"kb-adv-heading4123_09872b-29\"] img.kb-inline-image{width:150px;vertical-align:baseline;}<\/style>\n<h1 class=\"kt-adv-heading4123_09872b-29 wp-block-kadence-advancedheading has-white-color has-text-color\" data-kb-block=\"kb-adv-heading4123_09872b-29\">Sculpture d\u2019anc\u00eatre<\/h1>\n\n<div class=\"wp-block-uagb-container uagb-block-cdcda8f8 alignfull uagb-is-root-container\"><div class=\"uagb-container-inner-blocks-wrap\">\n<div class=\"wp-block-uagb-container uagb-block-f64e62b4\"><style>.kb-gallery-id-4123_fe5f96-29 .kadence-blocks-gallery-item .kb-gal-image-radius, .kb-gallery-id-4123_fe5f96-29 .kb-slide-item .kb-gal-image-radius img{border-radius:0px 0px 0px 0px;;}.kb-gallery-wrap-id-4123_fe5f96-29.wp-block-kadence-advancedgallery{overflow:visible;}.kb-gallery-wrap-id-4123_fe5f96-29.wp-block-kadence-advancedgallery .kt-blocks-carousel{overflow:visible;}.kb-gallery-id-4123_fe5f96-29 .splide.kt-carousel-dotstyle-outlinelight .splide__pagination__page{background-color:transparent;box-shadow:inset 0 0 0 1px #fff;-webkit-transition:box-shadow 0.3s ease;-moz-transition:box-shadow 0.3s ease;transition:box-shadow 0.3s ease;}.kb-gallery-id-4123_fe5f96-29 .splide.kt-carousel-dotstyle-outlinelight .splide__pagination__page.is-active{background-color:transparent;box-shadow:inset 0 0 0 8px #fff;}<\/style><div class=\"kb-gallery-wrap-id-4123_fe5f96-29 alignnone wp-block-kadence-advancedgallery\"><div class=\"kb-gallery-ul kb-gallery-non-static kb-gallery-type-slider kb-gallery-id-4123_fe5f96-29 kb-gallery-caption-style-bottom-hover kb-gallery-filter-none\" data-image-filter=\"none\" data-lightbox-caption=\"true\"><div class=\"kt-blocks-carousel splide kt-carousel-container-dotstyle-outlinelight kt-carousel-arrowstyle-blackonlight kt-carousel-dotstyle-outlinelight kb-slider-group-arrow kb-slider-arrow-position-center\" data-slider-anim-speed=\"300\" data-slider-scroll=\"1\" data-slider-arrows=\"true\" data-slider-fade=\"true\" data-slider-dots=\"true\" data-slider-type=\"slider\" data-slider-hover-pause=\"false\" data-slider-auto=\"1\" data-slider-speed=\"5000\" data-show-pause-button=\"false\"><div class=\"splide__track\"><ul class=\"kt-blocks-carousel-init kb-blocks-slider splide__list\"><li class=\"kb-slide-item kb-gallery-slide-item splide__slide\"><div class=\"kadence-blocks-gallery-item\"><div class=\"kadence-blocks-gallery-item-inner\"><figure class=\"kb-gallery-figure kadence-blocks-gallery-item-hide-caption\"><div class=\"kb-gal-image-radius\"><div class=\"kb-gallery-image-contain kadence-blocks-gallery-intrinsic kb-gallery-image-ratio-square kb-has-image-ratio-square\" ><img loading=\"lazy\" decoding=\"async\" src=\"https:\/\/davidserra.es\/wp-content\/uploads\/2026\/08\/pieza1-1.jpg\" width=\"550\" height=\"550\" alt=\"\" data-full-image=\"https:\/\/davidserra.es\/wp-content\/uploads\/2026\/08\/pieza1-1.jpg\" data-light-image=\"https:\/\/davidserra.es\/wp-content\/uploads\/2026\/08\/pieza1-1.jpg\" data-id=\"4141\" class=\"wp-image-4141 skip-lazy\" srcset=\"https:\/\/davidserra.es\/wp-content\/uploads\/2026\/08\/pieza1-1.jpg 550w, https:\/\/davidserra.es\/wp-content\/uploads\/2026\/08\/pieza1-1-300x300.jpg 300w, https:\/\/davidserra.es\/wp-content\/uploads\/2026\/08\/pieza1-1-150x150.jpg 150w, https:\/\/davidserra.es\/wp-content\/uploads\/2026\/08\/pieza1-1-500x500.jpg 500w\" sizes=\"auto, (max-width: 550px) 100vw, 550px\" \/><\/div><\/div><\/figure><\/div><\/div><\/li><li class=\"kb-slide-item kb-gallery-slide-item splide__slide\"><div class=\"kadence-blocks-gallery-item\"><div class=\"kadence-blocks-gallery-item-inner\"><figure class=\"kb-gallery-figure kadence-blocks-gallery-item-hide-caption\"><div class=\"kb-gal-image-radius\"><div class=\"kb-gallery-image-contain kadence-blocks-gallery-intrinsic kb-gallery-image-ratio-square kb-has-image-ratio-square\" ><img loading=\"lazy\" decoding=\"async\" src=\"https:\/\/davidserra.es\/wp-content\/uploads\/2026\/08\/pieza1-2.jpg\" width=\"550\" height=\"550\" alt=\"\" data-full-image=\"https:\/\/davidserra.es\/wp-content\/uploads\/2026\/08\/pieza1-2.jpg\" data-light-image=\"https:\/\/davidserra.es\/wp-content\/uploads\/2026\/08\/pieza1-2.jpg\" data-id=\"4144\" class=\"wp-image-4144 skip-lazy\" srcset=\"https:\/\/davidserra.es\/wp-content\/uploads\/2026\/08\/pieza1-2.jpg 550w, https:\/\/davidserra.es\/wp-content\/uploads\/2026\/08\/pieza1-2-300x300.jpg 300w, https:\/\/davidserra.es\/wp-content\/uploads\/2026\/08\/pieza1-2-150x150.jpg 150w, https:\/\/davidserra.es\/wp-content\/uploads\/2026\/08\/pieza1-2-500x500.jpg 500w\" sizes=\"auto, (max-width: 550px) 100vw, 550px\" \/><\/div><\/div><\/figure><\/div><\/div><\/li><li class=\"kb-slide-item kb-gallery-slide-item splide__slide\"><div class=\"kadence-blocks-gallery-item\"><div class=\"kadence-blocks-gallery-item-inner\"><figure class=\"kb-gallery-figure kadence-blocks-gallery-item-hide-caption\"><div class=\"kb-gal-image-radius\"><div class=\"kb-gallery-image-contain kadence-blocks-gallery-intrinsic kb-gallery-image-ratio-square kb-has-image-ratio-square\" ><img loading=\"lazy\" decoding=\"async\" src=\"https:\/\/davidserra.es\/wp-content\/uploads\/2026\/08\/pieza1-3.jpg\" width=\"550\" height=\"550\" alt=\"\" data-full-image=\"https:\/\/davidserra.es\/wp-content\/uploads\/2026\/08\/pieza1-3.jpg\" data-light-image=\"https:\/\/davidserra.es\/wp-content\/uploads\/2026\/08\/pieza1-3.jpg\" data-id=\"4147\" class=\"wp-image-4147 skip-lazy\" srcset=\"https:\/\/davidserra.es\/wp-content\/uploads\/2026\/08\/pieza1-3.jpg 550w, https:\/\/davidserra.es\/wp-content\/uploads\/2026\/08\/pieza1-3-300x300.jpg 300w, https:\/\/davidserra.es\/wp-content\/uploads\/2026\/08\/pieza1-3-150x150.jpg 150w, https:\/\/davidserra.es\/wp-content\/uploads\/2026\/08\/pieza1-3-500x500.jpg 500w\" sizes=\"auto, (max-width: 550px) 100vw, 550px\" \/><\/div><\/div><\/figure><\/div><\/div><\/li><\/ul><\/div><\/div><\/div><\/div><\/div>\n\n\n\n<div class=\"wp-block-uagb-container uagb-block-36a46cdb\">\n<p class=\"has-white-color has-text-color has-link-color wp-elements-1 wp-block-paragraph\">Sculpture d\u2019anc\u00eatre<br\/>Tellem<br\/>Mali<br\/>Bois<br\/>Haut. 49 cm<br\/>\u00c9poque estim\u00e9e : XIVe &#8211; XVIe si\u00e8cles<br\/>Analyse C-14 par CIRAM 0124-OA-064J-6<\/p>\n\n\n\n<div class=\"wp-block-uagb-advanced-heading uagb-block-03a300a2\"><h5 class=\"uagb-heading-text\">Provenance :<\/h5><div class=\"uagb-separator\"><\/div><\/div>\n\n\n\n<p class=\"has-white-color has-text-color has-link-color wp-elements-2 wp-block-paragraph\">Collection Jean Hermet (1927-1974), France. Acquise au Mali dans les ann\u00e9es 1960.<br\/>Gilbert Huguenin \/ Galerie Numaga, Suisse. Ann\u00e9es 1970.<br\/>Collection priv\u00e9e, Suisse.<br\/>Collection Mercedes et David Serra, Espagne.<\/p>\n\n\n\n<div class=\"wp-block-uagb-advanced-heading uagb-block-d6204d98\"><h5 class=\"uagb-heading-text\">Publications :<\/h5><div class=\"uagb-separator\"><\/div><\/div>\n\n\n\n<p class=\"has-white-color has-text-color has-link-color wp-elements-3 wp-block-paragraph\">Expo cat.: <em>Degue-Degue<\/em>. <em>Les Tellems et les Dogons<\/em>, by Gilbert Huguenin, Auvernier, Switzerland: Galerie Numaga, 1973:45, # C168<br\/>Cat. expo. : <em>Picasso, la metamorfosi della figura<\/em>. 24 ORE cultura, Milano, 2024. P. 69.<\/p>\n<\/div>\n<\/div><\/div>\n","protected":false},"excerpt":{"rendered":"<p>Sculpture d\u2019anc\u00eatre Sculpture d\u2019anc\u00eatreTellemMaliBoisHaut. 49 cm\u00c9poque estim\u00e9e : XIVe &#8211; XVIe si\u00e8clesAnalyse C-14 par CIRAM 0124-OA-064J-6 Provenance : Collection Jean Hermet (1927-1974), France. Acquise au Mali dans les ann\u00e9es 1960.Gilbert Huguenin \/ Galerie Numaga, Suisse. Ann\u00e9es 1970.Collection priv\u00e9e, Suisse.Collection Mercedes et David Serra, Espagne. Publications<\/p>\n","protected":false},"author":3,"featured_media":0,"parent":0,"menu_order":0,"comment_status":"closed","ping_status":"closed","template":"","meta":{"_uag_custom_page_level_css":"","footnotes":""},"class_list":["post-4125","page","type-page","status-publish","hentry"],"uagb_featured_image_src":{"full":false,"thumbnail":false,"medium":false,"medium_large":false,"large":false,"1536x1536":false,"2048x2048":false,"portfolio-square":false,"portfolio-portrait":false,"portfolio-landscape":false,"menu-featured-post":false,"qode-carousel_slider":false,"portfolio_slider":false,"portfolio_masonry_regular":false,"portfolio_masonry_wide":false,"portfolio_masonry_tall":false,"portfolio_masonry_large":false,"portfolio_masonry_with_space":false,"latest_post_boxes":false},"uagb_author_info":{"display_name":"empiezapori","author_link":"https:\/\/davidserra.es\/fr\/author\/empiezapori\/"},"uagb_comment_info":0,"uagb_excerpt":"Sculpture d\u2019anc\u00eatre Sculpture d\u2019anc\u00eatreTellemMaliBoisHaut. 49 cm\u00c9poque estim\u00e9e : XIVe &#8211; XVIe si\u00e8clesAnalyse C-14 par CIRAM 0124-OA-064J-6 Provenance : Collection Jean Hermet (1927-1974), France. Acquise au Mali dans les ann\u00e9es 1960.Gilbert Huguenin \/ Galerie Numaga, Suisse. Ann\u00e9es 1970.Collection priv\u00e9e, Suisse.Collection Mercedes et David Serra, Espagne. Publications","_links":{"self":[{"href":"https:\/\/davidserra.es\/fr\/wp-json\/wp\/v2\/pages\/4125","targetHints":{"allow":["GET"]}}],"collection":[{"href":"https:\/\/davidserra.es\/fr\/wp-json\/wp\/v2\/pages"}],"about":[{"href":"https:\/\/davidserra.es\/fr\/wp-json\/wp\/v2\/types\/page"}],"author":[{"embeddable":true,"href":"https:\/\/davidserra.es\/fr\/wp-json\/wp\/v2\/users\/3"}],"replies":[{"embeddable":true,"href":"https:\/\/davidserra.es\/fr\/wp-json\/wp\/v2\/comments?post=4125"}],"version-history":[{"count":6,"href":"https:\/\/davidserra.es\/fr\/wp-json\/wp\/v2\/pages\/4125\/revisions"}],"predecessor-version":[{"id":4182,"href":"https:\/\/davidserra.es\/fr\/wp-json\/wp\/v2\/pages\/4125\/revisions\/4182"}],"wp:attachment":[{"href":"https:\/\/davidserra.es\/fr\/wp-json\/wp\/v2\/media?parent=4125"}],"curies":[{"name":"wp","href":"https:\/\/api.w.org\/{rel}","templated":true}]}}

Sculpture d’ancêtre

<style>.wp-block-kadence-advancedheading.kt-adv-heading4123_09872b-29, .wp-block-kadence-advancedheading.kt-adv-heading4123_09872b-29[data-kb-block="kb-adv-heading4123_09872b-29"]{padding-top:var(--global-kb-spacing-md, 2rem);text-align:center;font-style:normal;}.wp-block-kadence-advancedheading.kt-adv-heading4123_09872b-29 mark.kt-highlight, .wp-block-kadence-advancedheading.kt-adv-heading4123_09872b-29[data-kb-block="kb-adv-heading4123_09872b-29"] mark.kt-highlight{font-style:normal;color:#f76a0c;-webkit-box-decoration-break:clone;box-decoration-break:clone;padding-top:0px;padding-right:0px;padding-bottom:0px;padding-left:0px;}.wp-block-kadence-advancedheading.kt-adv-heading4123_09872b-29 img.kb-inline-image, .wp-block-kadence-advancedheading.kt-adv-heading4123_09872b-29[data-kb-block="kb-adv-heading4123_09872b-29"] img.kb-inline-image{width:150px;vertical-align:baseline;}</style>
<h1 class="kt-adv-heading4123_09872b-29 wp-block-kadence-advancedheading has-white-color has-text-color" data-kb-block="kb-adv-heading4123_09872b-29">Sculpture d’ancêtre</h1>

<div class="wp-block-uagb-container uagb-block-cdcda8f8 alignfull uagb-is-root-container"><div class="uagb-container-inner-blocks-wrap">
<div class="wp-block-uagb-container uagb-block-f64e62b4"><style>.kb-gallery-id-4123_fe5f96-29 .kadence-blocks-gallery-item .kb-gal-image-radius, .kb-gallery-id-4123_fe5f96-29 .kb-slide-item .kb-gal-image-radius img{border-radius:0px 0px 0px 0px;;}.kb-gallery-wrap-id-4123_fe5f96-29.wp-block-kadence-advancedgallery{overflow:visible;}.kb-gallery-wrap-id-4123_fe5f96-29.wp-block-kadence-advancedgallery .kt-blocks-carousel{overflow:visible;}.kb-gallery-id-4123_fe5f96-29 .splide.kt-carousel-dotstyle-outlinelight .splide__pagination__page{background-color:transparent;box-shadow:inset 0 0 0 1px #fff;-webkit-transition:box-shadow 0.3s ease;-moz-transition:box-shadow 0.3s ease;transition:box-shadow 0.3s ease;}.kb-gallery-id-4123_fe5f96-29 .splide.kt-carousel-dotstyle-outlinelight .splide__pagination__page.is-active{background-color:transparent;box-shadow:inset 0 0 0 8px #fff;}</style><div class="kb-gallery-wrap-id-4123_fe5f96-29 alignnone wp-block-kadence-advancedgallery"><div class="kb-gallery-ul kb-gallery-non-static kb-gallery-type-slider kb-gallery-id-4123_fe5f96-29 kb-gallery-caption-style-bottom-hover kb-gallery-filter-none" data-image-filter="none" data-lightbox-caption="true"><div class="kt-blocks-carousel splide kt-carousel-container-dotstyle-outlinelight kt-carousel-arrowstyle-blackonlight kt-carousel-dotstyle-outlinelight kb-slider-group-arrow kb-slider-arrow-position-center" data-slider-anim-speed="300" data-slider-scroll="1" data-slider-arrows="true" data-slider-fade="true" data-slider-dots="true" data-slider-type="slider" data-slider-hover-pause="false" data-slider-auto="1" data-slider-speed="5000" data-show-pause-button="false"><div class="splide__track"><ul class="kt-blocks-carousel-init kb-blocks-slider splide__list"><li class="kb-slide-item kb-gallery-slide-item splide__slide"><div class="kadence-blocks-gallery-item"><div class="kadence-blocks-gallery-item-inner"><figure class="kb-gallery-figure kadence-blocks-gallery-item-hide-caption"><div class="kb-gal-image-radius"><div class="kb-gallery-image-contain kadence-blocks-gallery-intrinsic kb-gallery-image-ratio-square kb-has-image-ratio-square" ><img loading="lazy" decoding="async" src="https://davidserra.es/wp-content/uploads/2026/08/pieza1-1.jpg" width="550" height="550" alt="" data-full-image="https://davidserra.es/wp-content/uploads/2026/08/pieza1-1.jpg" data-light-image="https://davidserra.es/wp-content/uploads/2026/08/pieza1-1.jpg" data-id="4141" class="wp-image-4141 skip-lazy" srcset="https://davidserra.es/wp-content/uploads/2026/08/pieza1-1.jpg 550w, https://davidserra.es/wp-content/uploads/2026/08/pieza1-1-300x300.jpg 300w, https://davidserra.es/wp-content/uploads/2026/08/pieza1-1-150x150.jpg 150w, https://davidserra.es/wp-content/uploads/2026/08/pieza1-1-500x500.jpg 500w" sizes="auto, (max-width: 550px) 100vw, 550px" /></div></div></figure></div></div></li><li class="kb-slide-item kb-gallery-slide-item splide__slide"><div class="kadence-blocks-gallery-item"><div class="kadence-blocks-gallery-item-inner"><figure class="kb-gallery-figure kadence-blocks-gallery-item-hide-caption"><div class="kb-gal-image-radius"><div class="kb-gallery-image-contain kadence-blocks-gallery-intrinsic kb-gallery-image-ratio-square kb-has-image-ratio-square" ><img loading="lazy" decoding="async" src="https://davidserra.es/wp-content/uploads/2026/08/pieza1-2.jpg" width="550" height="550" alt="" data-full-image="https://davidserra.es/wp-content/uploads/2026/08/pieza1-2.jpg" data-light-image="https://davidserra.es/wp-content/uploads/2026/08/pieza1-2.jpg" data-id="4144" class="wp-image-4144 skip-lazy" srcset="https://davidserra.es/wp-content/uploads/2026/08/pieza1-2.jpg 550w, https://davidserra.es/wp-content/uploads/2026/08/pieza1-2-300x300.jpg 300w, https://davidserra.es/wp-content/uploads/2026/08/pieza1-2-150x150.jpg 150w, https://davidserra.es/wp-content/uploads/2026/08/pieza1-2-500x500.jpg 500w" sizes="auto, (max-width: 550px) 100vw, 550px" /></div></div></figure></div></div></li><li class="kb-slide-item kb-gallery-slide-item splide__slide"><div class="kadence-blocks-gallery-item"><div class="kadence-blocks-gallery-item-inner"><figure class="kb-gallery-figure kadence-blocks-gallery-item-hide-caption"><div class="kb-gal-image-radius"><div class="kb-gallery-image-contain kadence-blocks-gallery-intrinsic kb-gallery-image-ratio-square kb-has-image-ratio-square" ><img loading="lazy" decoding="async" src="https://davidserra.es/wp-content/uploads/2026/08/pieza1-3.jpg" width="550" height="550" alt="" data-full-image="https://davidserra.es/wp-content/uploads/2026/08/pieza1-3.jpg" data-light-image="https://davidserra.es/wp-content/uploads/2026/08/pieza1-3.jpg" data-id="4147" class="wp-image-4147 skip-lazy" srcset="https://davidserra.es/wp-content/uploads/2026/08/pieza1-3.jpg 550w, https://davidserra.es/wp-content/uploads/2026/08/pieza1-3-300x300.jpg 300w, https://davidserra.es/wp-content/uploads/2026/08/pieza1-3-150x150.jpg 150w, https://davidserra.es/wp-content/uploads/2026/08/pieza1-3-500x500.jpg 500w" sizes="auto, (max-width: 550px) 100vw, 550px" /></div></div></figure></div></div></li></ul></div></div></div></div></div>



<div class="wp-block-uagb-container uagb-block-36a46cdb">
<p class="has-white-color has-text-color has-link-color wp-elements-1 wp-block-paragraph">Sculpture d’ancêtre<br/>Tellem<br/>Mali<br/>Bois<br/>Haut. 49 cm<br/>Époque estimée : XIVe &#8211; XVIe siècles<br/>Analyse C-14 par CIRAM 0124-OA-064J-6</p>



<div class="wp-block-uagb-advanced-heading uagb-block-03a300a2"><h5 class="uagb-heading-text">Provenance :</h5><div class="uagb-separator"></div></div>



<p class="has-white-color has-text-color has-link-color wp-elements-2 wp-block-paragraph">Collection Jean Hermet (1927-1974), France. Acquise au Mali dans les années 1960.<br/>Gilbert Huguenin / Galerie Numaga, Suisse. Années 1970.<br/>Collection privée, Suisse.<br/>Collection Mercedes et David Serra, Espagne.</p>



<div class="wp-block-uagb-advanced-heading uagb-block-d6204d98"><h5 class="uagb-heading-text">Publications :</h5><div class="uagb-separator"></div></div>



<p class="has-white-color has-text-color has-link-color wp-elements-3 wp-block-paragraph">Expo cat.: <em>Degue-Degue</em>. <em>Les Tellems et les Dogons</em>, by Gilbert Huguenin, Auvernier, Switzerland: Galerie Numaga, 1973:45, # C168<br/>Cat. expo. : <em>Picasso, la metamorfosi della figura</em>. 24 ORE cultura, Milano, 2024. P. 69.</p>
</div>
</div></div>

<p>Sculpture d’ancêtre Sculpture d’ancêtreTellemMaliBoisHaut. 49 cmÉpoque estimée : XIVe &#8211; XVIe sièclesAnalyse C-14 par CIRAM 0124-OA-064J-6 Provenance : Collection Jean Hermet (1927-1974), France. Acquise au Mali dans les années 1960.Gilbert Huguenin / Galerie Numaga, Suisse. Années 1970.Collection privée, Suisse.Collection Mercedes et David Serra, Espagne. Publications</p>

Sculpture d’ancêtre Sculpture d’ancêtreTellemMaliBoisHaut. 49 cmÉpoque estimée : XIVe &#8211; XVIe sièclesAnalyse C-14 par CIRAM 0124-OA-064J-6 Provenance : Collection Jean Hermet (1927-1974), France. Acquise au Mali dans les années 1960.Gilbert Huguenin / Galerie Numaga, Suisse. Années 1970.Collection privée, Suisse.Collection Mercedes et David Serra, Espagne. Publications
