{"id":1139,"date":"2018-09-21T08:40:28","date_gmt":"2018-09-21T08:40:28","guid":{"rendered":"https:\/\/davidserra.es\/?page_id=1139"},"modified":"2020-04-30T11:48:17","modified_gmt":"2020-04-30T11:48:17","slug":"a-propos","status":"publish","type":"page","link":"https:\/\/davidserra.es\/fr\/a-propos\/","title":{"rendered":"A propos"},"content":{"rendered":"<div class=\"wpb-content-wrapper\"><p>[vc_row css_animation=\u00a0\u00bb\u00a0\u00bb row_type=\u00a0\u00bbrow\u00a0\u00bb use_row_as_full_screen_section=\u00a0\u00bbno\u00a0\u00bb type=\u00a0\u00bbfull_width\u00a0\u00bb angled_section=\u00a0\u00bbno\u00a0\u00bb text_align=\u00a0\u00bbleft\u00a0\u00bb background_image=\u00a0\u00bb880&Prime; background_image_as_pattern=\u00a0\u00bbwithout_pattern\u00a0\u00bb z_index=\u00a0\u00bb\u00a0\u00bb][vc_column][vc_column_text el_class=\u00a0\u00bbfondo_about\u00a0\u00bb css=\u00a0\u00bb.vc_custom_1588247288322{background-image: url(https:\/\/davidserra.con2webs.es\/wp-content\/uploads\/2018\/08\/Fondo_sobrenosotros_1.jpg?id=1144) !important;}\u00a0\u00bb]<\/p>\n<div class=\"blanco_about\">\n<h1 class=\"titulo_grande\">A propos<\/h1>\n<p style=\"text-align: center;\"><span style=\"color: #000000;\">La Galer\u00eda David Serra \u2013 Fine Tribal Art est un espace d\u00e9di\u00e9 \u00e0 l\u2019exposition et \u00e0 la vente d\u2019\u0153uvres d\u2019art tribal. Elle a \u00e9t\u00e9 fond\u00e9e en 1998 par Mercedes et David Serra, deux experts passionn\u00e9s par l\u2019art et les cultures du monde.<\/span><\/p>\n<p style=\"text-align: center;\"><span style=\"color: #000000;\">Dans notre d\u00e9sir de promouvoir l\u2019art tribal, nous collaborons avec des mus\u00e9es, des fondations et des institutions. La galerie participe \u00e9galement aux salons internationaux les plus importants en art tribal, ainsi qu\u2019\u00e0 d\u2019autres salons d\u2019art et d\u2019antiquit\u00e9s.<\/span><\/p>\n<p style=\"text-align: center;\"><span style=\"color: #000000;\">Les collectionneurs et amateurs d\u2019art seront accueillis avec une attention toute particuli\u00e8re. C\u2019est avec grand plaisir que nous r\u00e9pondrons \u00e0 vos demandes et vous offrirons nos conseils.<\/span><\/p>\n<\/div>\n<p>[\/vc_column_text][\/vc_column][\/vc_row]<\/p>\n<\/div>","protected":false},"excerpt":{"rendered":"<p>[vc_row css_animation=\u00a0\u00bb\u00a0\u00bb row_type=\u00a0\u00bbrow\u00a0\u00bb use_row_as_full_screen_section=\u00a0\u00bbno\u00a0\u00bb type=\u00a0\u00bbfull_width\u00a0\u00bb angled_section=\u00a0\u00bbno\u00a0\u00bb text_align=\u00a0\u00bbleft\u00a0\u00bb background_image=\u00a0\u00bb880&Prime; background_image_as_pattern=\u00a0\u00bbwithout_pattern\u00a0\u00bb z_index=\u00a0\u00bb\u00a0\u00bb][vc_column][vc_column_text el_class=\u00a0\u00bbfondo_about\u00a0\u00bb css=\u00a0\u00bb.vc_custom_1588247288322{background-image: url(https:\/\/davidserra.con2webs.es\/wp-content\/uploads\/2018\/08\/Fondo_sobrenosotros_1.jpg?id=1144) !important;}\u00a0\u00bb] A propos La Galer\u00eda David Serra \u2013 Fine Tribal Art est un espace d\u00e9di\u00e9 \u00e0 l\u2019exposition et \u00e0 la vente d\u2019\u0153uvres d\u2019art tribal. Elle a \u00e9t\u00e9 fond\u00e9e en 1998 par Mercedes<\/p>\n","protected":false},"author":2,"featured_media":0,"parent":0,"menu_order":0,"comment_status":"closed","ping_status":"closed","template":"full_width.php","meta":{"_uag_custom_page_level_css":"","footnotes":""},"class_list":["post-1139","page","type-page","status-publish","hentry"],"uagb_featured_image_src":{"full":false,"thumbnail":false,"medium":false,"medium_large":false,"large":false,"1536x1536":false,"2048x2048":false,"portfolio-square":false,"portfolio-portrait":false,"portfolio-landscape":false,"menu-featured-post":false,"qode-carousel_slider":false,"portfolio_slider":false,"portfolio_masonry_regular":false,"portfolio_masonry_wide":false,"portfolio_masonry_tall":false,"portfolio_masonry_large":false,"portfolio_masonry_with_space":false,"latest_post_boxes":false},"uagb_author_info":{"display_name":"Ivan Serra","author_link":"https:\/\/davidserra.es\/fr\/author\/ivan\/"},"uagb_comment_info":0,"uagb_excerpt":"[vc_row css_animation=\u00a0\u00bb\u00a0\u00bb row_type=\u00a0\u00bbrow\u00a0\u00bb use_row_as_full_screen_section=\u00a0\u00bbno\u00a0\u00bb type=\u00a0\u00bbfull_width\u00a0\u00bb angled_section=\u00a0\u00bbno\u00a0\u00bb text_align=\u00a0\u00bbleft\u00a0\u00bb background_image=\u00a0\u00bb880&Prime; background_image_as_pattern=\u00a0\u00bbwithout_pattern\u00a0\u00bb z_index=\u00a0\u00bb\u00a0\u00bb][vc_column][vc_column_text el_class=\u00a0\u00bbfondo_about\u00a0\u00bb css=\u00a0\u00bb.vc_custom_1588247288322{background-image: url(https:\/\/davidserra.con2webs.es\/wp-content\/uploads\/2018\/08\/Fondo_sobrenosotros_1.jpg?id=1144) !important;}\u00a0\u00bb] A propos La Galer\u00eda David Serra \u2013 Fine Tribal Art est un espace d\u00e9di\u00e9 \u00e0 l\u2019exposition et \u00e0 la vente d\u2019\u0153uvres d\u2019art tribal. Elle a \u00e9t\u00e9 fond\u00e9e en 1998 par Mercedes","_links":{"self":[{"href":"https:\/\/davidserra.es\/fr\/wp-json\/wp\/v2\/pages\/1139","targetHints":{"allow":["GET"]}}],"collection":[{"href":"https:\/\/davidserra.es\/fr\/wp-json\/wp\/v2\/pages"}],"about":[{"href":"https:\/\/davidserra.es\/fr\/wp-json\/wp\/v2\/types\/page"}],"author":[{"embeddable":true,"href":"https:\/\/davidserra.es\/fr\/wp-json\/wp\/v2\/users\/2"}],"replies":[{"embeddable":true,"href":"https:\/\/davidserra.es\/fr\/wp-json\/wp\/v2\/comments?post=1139"}],"version-history":[{"count":5,"href":"https:\/\/davidserra.es\/fr\/wp-json\/wp\/v2\/pages\/1139\/revisions"}],"predecessor-version":[{"id":2129,"href":"https:\/\/davidserra.es\/fr\/wp-json\/wp\/v2\/pages\/1139\/revisions\/2129"}],"wp:attachment":[{"href":"https:\/\/davidserra.es\/fr\/wp-json\/wp\/v2\/media?parent=1139"}],"curies":[{"name":"wp","href":"https:\/\/api.w.org\/{rel}","templated":true}]}}

<div class="wpb-content-wrapper"><p>[vc_row css_animation= » » row_type= »row » use_row_as_full_screen_section= »no » type= »full_width » angled_section= »no » text_align= »left » background_image= »880&Prime; background_image_as_pattern= »without_pattern » z_index= » »][vc_column][vc_column_text el_class= »fondo_about » css= ».vc_custom_1588247288322{background-image: url(https://davidserra.con2webs.es/wp-content/uploads/2018/08/Fondo_sobrenosotros_1.jpg?id=1144) !important;} »]</p>
<div class="blanco_about">
<h1 class="titulo_grande">A propos</h1>
<p style="text-align: center;"><span style="color: #000000;">La Galería David Serra – Fine Tribal Art est un espace dédié à l’exposition et à la vente d’œuvres d’art tribal. Elle a été fondée en 1998 par Mercedes et David Serra, deux experts passionnés par l’art et les cultures du monde.</span></p>
<p style="text-align: center;"><span style="color: #000000;">Dans notre désir de promouvoir l’art tribal, nous collaborons avec des musées, des fondations et des institutions. La galerie participe également aux salons internationaux les plus importants en art tribal, ainsi qu’à d’autres salons d’art et d’antiquités.</span></p>
<p style="text-align: center;"><span style="color: #000000;">Les collectionneurs et amateurs d’art seront accueillis avec une attention toute particulière. C’est avec grand plaisir que nous répondrons à vos demandes et vous offrirons nos conseils.</span></p>
</div>
<p>[/vc_column_text][/vc_column][/vc_row]</p>
</div>

<p>[vc_row css_animation= » » row_type= »row » use_row_as_full_screen_section= »no » type= »full_width » angled_section= »no » text_align= »left » background_image= »880&Prime; background_image_as_pattern= »without_pattern » z_index= » »][vc_column][vc_column_text el_class= »fondo_about » css= ».vc_custom_1588247288322{background-image: url(https://davidserra.con2webs.es/wp-content/uploads/2018/08/Fondo_sobrenosotros_1.jpg?id=1144) !important;} »] A propos La Galería David Serra – Fine Tribal Art est un espace dédié à l’exposition et à la vente d’œuvres d’art tribal. Elle a été fondée en 1998 par Mercedes</p>

[vc_row css_animation= » » row_type= »row » use_row_as_full_screen_section= »no » type= »full_width » angled_section= »no » text_align= »left » background_image= »880&Prime; background_image_as_pattern= »without_pattern » z_index= » »][vc_column][vc_column_text el_class= »fondo_about » css= ».vc_custom_1588247288322{background-image: url(https://davidserra.con2webs.es/wp-content/uploads/2018/08/Fondo_sobrenosotros_1.jpg?id=1144) !important;} »] A propos La Galería David Serra – Fine Tribal Art est un espace dédié à l’exposition et à la vente d’œuvres d’art tribal. Elle a été fondée en 1998 par Mercedes
